6*u. Give m(z).
0
Let h(o) = -o**2 - 3*o + 117. Let i be h(9). Let z(u) = u**3 - 10*u**2 + 7*u + 10. What is z(i)?
-8
Let a = -6 + 3. Let y(q) = -q - 1. Let t be y(a). Let x(s) = 4*s - 2*s - 3 - t. Give x(4).
3
Let k(y) = y**2 + 2*y + 7. Let z be k(3). Let u = z - 22. Let d(x) = -x**3 - x**2 - x - 13. Calculate d(u).
-13
Let o be (-56)/20*(-5)/2. Suppose -o*d - 3 = -8*d. Let k(p) = -3*p**2 + 5*p**2 - 3*p - p**3 + 2*p**d. Calculate k(-3).
0
Let x(q) = -q**2 - 7*q + 11. Let g(c) = c**2 + 7*c - 13. Let a(m) = -3*g(m) - 4*x(m). Give a(-10).
25
Let i(o) = -o**2 - 18*o + 10. Let x be i(-19). Let p be 38/9 + 2/x. Let t(n) = -3 + 0*n - 1 + 2*n. What is t(p)?
4
Let y(c) = 1. Let v(u) = -u + 1. Let r(i) = 4*v(i) - 7*y(i). Let p(o) = 5*o + 38. Let b be p(-8). Give r(b).
5
Let n(p) = 11*p**3 + 21*p**2 - 8*p + 8. Let l(z) = -9*z**3 - 20*z**2 + 7*z - 11. Let q(k) = 6*l(k) + 5*n(k). Give q(15).
4
Let m(r) = -7 + 12 + r**2 - 24 + 0*r**2. What is m(5)?
6
Let f(m) = -m**2 - 5*m + 4. Let z(c) = c**3 + c**2 - 7*c + 1. Let o be z(-3). Suppose -d - r - 5 - o = 0, 2*d + 3*r + 21 = 0. Calculate f(d).
-2
Let i(w) = -2*w - 3. Let s be i(-4). Let q be 0 - (-1 + (4 - 5)). Let g(u) = 4*u + q - 7*u + u. Calculate g(s).
-8
Let y = -162 + 162. Let u(t) be the first derivative of -2 - 1/2*t**2 + 0*t. Calculate u(y).
0
Suppose -3*b + 5*n - 13 = -43, 0 = 4*b + 4*n - 8. Let s(w) be the second derivative of -1/6*w**3 - 12*w + 0 + w**2. Determine s(b).
-3
Let j(i) = -9 - 3 + 6 - 2*i. Suppose q = 1 + 1. Suppose q*a + 7 + 5 = 0. Calculate j(a).
6
Let c(f) be the first derivative of f**4/4 - 2*f**3/3 - 2*f**2 + 2*f + 189. Suppose 3*b - 3 - 6 = 0. Calculate c(b).
-1
Suppose 3*s = -o + 27, -3*o - 5*s = o - 73. Let d(q) = -19 - o + 39 - 13 + q. Determine d(-7).
-12
Let h(v) = -3*v + 2*v + 5 - 38*v**2 + 33*v**2. Let m(i) be the first derivative of 3*i**3 + i**2 - 9*i - 3. Let l(f) = -11*h(f) - 6*m(f). What is l(-1)?
1
Let o(v) be the first derivative of v + 26 + 3/2*v**2. Determine o(-1).
-2
Let a(i) = i - 2. Suppose 31*r + 80 = 23*r. What is a(r)?
-12
Let l(a) = 6*a - 12. Let i(c) = 7*c - 13. Suppose -5*o = -f + 25, -4*f + 10 + 30 = -5*o. Let p(r) = f*i(r) - 6*l(r). Give p(8).
-1
Let l(v) be the third derivative of v**4 + v**3/6 + 8*v**2. Calculate l(1).
25
Let u = -138 - -138. Let y(q) = -q - 6. What is y(u)?
-6
Let s(f) = 4 + f + 1 + 1. Let m = 17 - 15. Suppose a + 5*h + 5 = -3*a, m*h + 2 = -5*a. What is s(a)?
6
Suppose 4*a = -4*n - 20, 4*n + n = -2*a - 25. Let j(v) = v**2 + 12*v + 5. Give j(n).
-30
Let y(m) be the second derivative of -m**4/12 + 4*m**3/3 - 7*m**2/2 + 7*m. Suppose -37*h + 132 = -15*h. Give y(h).
5
Let n(g) be the second derivative of -2*g**3/3 - 9*g**2 - 103*g. Give n(-12).
30
Suppose -4*n - 16 = 4*z, -3*n - 5*z + 4 = -10*z. Suppose -5*o - 1 = -11. Let a(i) = 0*i**2 + i**o + 3*i + 2 - i. What is a(n)?
2
Let f(g) = g**3 + 10*g**2 - g - 14. Let k be f(-10). Let w be (6/4)/(3/k). Let a(m) = m**2 - m + 2. Give a(w).
8
Let z = 415 + -413. Let j(h) = h**2 - 2*h. Calculate j(z).
0
Let t(l) = 4 + 3*l - 4 - 3 + 5. Calculate t(-5).
-13
Let o be 49/21 + 4/6. Let u(a) = o*a - a**2 - 6*a - 5 + 4*a. Give u(5).
-25
Let y(q) = q**2 + q + 6. Let g(p) be the first derivative of -2*p**3/3 - p**2/2 - 13*p - 21. Let z(t) = 6*g(t) + 13*y(t). Give z(-6).
-6
Let v(x) be the second derivative of 1/144*x**6 + 0*x**3 + 1/2*x**4 + 0*x**2 + 1/120*x**5 + 0 + 13*x. Let d(s) be the third derivative of v(s). Determine d(3).
16
Let k = -185 - -183. Let r(c) be the first derivative of -5*c**4/24 - c**3/2 - c**2/2 - 3. Let w(o) be the second derivative of r(o). What is w(k)?
7
Let u(x) be the first derivative of -x**3/3 + 2*x**2 + 5*x - 31. Let m = 106 + -100. Calculate u(m).
-7
Let g(k) = k**3 - 3*k**2 - k - 2. Let l(j) = -4*j + 9. Let w(n) = 3*n - 8. Suppose -8*i + 18 = -5*i. Let x(m) = i*w(m) + 5*l(m). Let y be x(-3). Determine g(y).
-5
Let s(o) = 13 - 13*o - 11*o - 4 + 25*o. Let k(x) = -5 + x + 0*x - 7. Let r be k(6). Give s(r).
3
Let h(x) = 3 - 1632*x**2 + 812*x**2 + 8*x + 821*x**2. Give h(-9).
12
Let r(z) be the first derivative of z**5/20 - z**4/4 - 5*z**3/6 + z**2 + 7*z + 9. Let j(o) be the first derivative of r(o). Determine j(4).
-2
Let h(u) = 1 + 6*u**2 + 4*u - u + 2 - 5*u**2. Let x(s) = s**3 - 4*s**2 + 4*s - 3. Let k be x(2). Calculate h(k).
3
Let u(a) be the second derivative of -a**5/20 - 7*a**4/12 - a**3/6 - a**2 - a - 99. Let c be 2*(-1)/2 + -6. Determine u(c).
5
Let v(a) = 2*a - 2. Let n(r) = -2*r**2 + 10 + 14*r + 6*r - 9*r. Let t be n(6). Suppose 0 = 3*z + t*z - 21. Calculate v(z).
4
Let t(n) = -9*n**3 - 5*n**2 - n - 3. Let y(w) = 18*w**3 + 12*w**2 + 2*w + 7. Let l(d) = -5*t(d) - 2*y(d). Determine l(-1).
-8
Let j(d) be the first derivative of d**2/2 + 10*d + 2. Suppose -2*i + 19*i + 102 = 0. Give j(i).
4
Let n(k) be the second derivative of -k**5/20 - k**4/6 - k**3/6 + 50*k + 2. Calculate n(-1).
0
Let q(k) = k**2 + 3*k - 4. Let d = 999 + -995. Determine q(d).
24
Let y(d) be the second derivative of -d**5/20 - 7*d**4/12 - 5*d**3/3 - d**2/2 + 6*d - 1. Calculate y(-4).
-9
Let n(z) be the second derivative of -z**6/240 + z**5/24 + 4*z**4/3 + 16*z. Let c(i) be the third derivative of n(i). Let p = 3 + 2. What is c(p)?
-10
Let h = -489 + 487. Let z(p) = 2*p - 3. Give z(h).
-7
Let j(h) = -29 + 2*h + 2*h + 12 + 15. Let d = 17 + -19. Calculate j(d).
-10
Let k(l) = l**3 - 15*l**2 - 16*l + 6. Let y be k(16). Let f(v) = 6*v + 1 - y*v - 11*v. Calculate f(1).
-10
Let o = -1604 - -1608. Let m(y) = y**3 - 4*y**2 + 3*y - 4. Give m(o).
8
Let q(g) = -g**2 - 2*g - 4. Let t = 18 - 14. Suppose y + 9 = 11. Suppose -y*v + t = 12. What is q(v)?
-12
Let x(t) = t**2 + 10*t - 32. Suppose -52*f - 13 = -51*f. What is x(f)?
7
Let g(h) = -h + 2. Let d be g(4). Let j(t) be the third derivative of 1/2*t**3 + 0 + 0*t + 1/30*t**5 - 5*t**2 + 1/6*t**4. Calculate j(d).
3
Suppose n - 5 = -0*n. Let v(j) be the second derivative of 7/2*j**2 - 5/12*j**4 - 3*j - 1/6*j**3 + 0 + 1/20*j**5. Calculate v(n).
2
Let n(y) = 5*y - 3. Let d(l) = l**2 + 54*l + 288. Let j be d(-6). Determine n(j).
-3
Let o(a) = -a**2 - 12*a. Let d(i) = -i**2 - 57*i + 168. Let g be d(-60). Give o(g).
0
Let c(q) = q**2 + 2*q. Suppose -k - 2*i - 11 = 0, 0*k - 3*i + 21 = -k. Let x = 1 + k. Let t = -17 - x. Determine c(t).
3
Let q(u) = u**2 + u + 6. Let h = 534 - 540. Determine q(h).
36
Let g = 342 + -349. Let f(p) be the second derivative of -p**5/20 - 2*p**4/3 - 3*p**3/2 + 3*p**2/2 - 2*p. Determine f(g).
17
Let z(f) = f + 26 - 34 - f**3 + 3*f**2 + 0*f**3 + 16. Determine z(4).
-4
Let h(j) = j**3 - 13*j**2 - 12*j - 28. Let s(g) = 28*g - 602. Let k be s(22). What is h(k)?
0
Let a(h) = -6 + 4*h - 3 - 3*h. Suppose -21*g - 57*g + 624 = 0. Determine a(g).
-1
Suppose 2*s + u - 8 = 8, -3*u = -2*s. Suppose -w = -5, -2*b + w = -2*w - 7. Let c(z) = -6*z - 3. Let q(k) = -17*k - 8. Let i(h) = b*c(h) - 4*q(h). What is i(s)?
11
Let y(n) = -n + 1. Let f(z) = -z**2 - 13*z + 8. Let h be 5*(-3 - (-36)/10) + -4. Let k(p) = h*f(p) + 6*y(p). Give k(-7).
-2
Let a(d) be the first derivative of d**2/2 - 4*d - 214. Calculate a(13).
9
Let o(j) = 184 + 175 - 3*j - 367. Give o(-4).
4
Let c(k) = -k**2 - 1. Let d(y) = -4*y**2 + 19*y + 42. Let w(f) = 3*c(f) - d(f). Calculate w(21).
-3
Let x(j) = j**2 - 6*j + 6. Suppose 10*y - 13*y + 2*n = -9, -12 = -4*y - 2*n. Determine x(y).
-3
Let x be 3 + -5 - -8 - 3. Let r(g) be the second derivative of 9/2*g**2 + 8*g + 0 - 1/3*g**x. Give r(6).
-3
Let f = -7 - -9. Suppose -3*v = 2*r + 16, -f*v + v = r + 6. Let t(b) = b - 3*b**2 + 4 + 3*b + 0*b**2 - b**3. Determine t(v).
4
Suppose 2*s + s + 3 = 0. Let o(g) = 7*g - 2. Let d(i) = 24*i - 7. Let h(m) = -d(m) + 3*o(m). Calculate h(s).
4
Let g(s) be the third derivative of -5/24*s**4 - 3*s**2 + 0*s - 2/3*s**3 + 0. Let c be g(-2). Let w(v) = v**2 - 6*v + 8. Give w(c).
8
Let y = -9 + 13. Let z be ((-28)/(-49))/((-4)/(-42)). Let c(h) = -43*h**2 + 3 + 44*h**2 - 3 - z*h + 1. Determine c(y).
-7
Let p(d) be the first derivative of -2*d + 14 - 3/2*d**2. What is p(-3)?
7
Let o(f) = f**2 - 51*f - 165. Let l be o(54). Let t(s) be the second derivative of s**4/12 - s**3/3 + s**2 + 3*s. Give t(l).
17
Let l(b) = -b**3 - 9*b**2 + 11*b + 14. Let a(g) = -2*g**2 + 18*g - 10. Let k be a(9). Calculate l(k).
4
Let m = -1 + 9. L